alculate b(40).
-15
Let b(f) = -2*f**3 - 6*f**2 + 16*f - 18. Calculate b(-5).
2
Let v(j) = j**3 + 8*j**2 + 12*j + 5. What is v(-6)?
5
Let k(s) = 2*s - 4. Give k(-10).
-24
Let v(q) = -2*q**2 - q + 1. Give v(2).
-9
Let z(f) = 11*f + 3. Give z(2).
25
Let c(q) = -4*q**2 - 181*q - 360. Give c(-2).
-14
Let r(i) = 2*i**3 + 2*i**2 - 4*i + 7. Give r(2).
23
Let w(k) = 2*k - 11. What is w(10)?
9
Let v(n) = -3*n**3 - n**2 - 3*n + 2. Calculate v(-3).
83
Let r(d) = d**2 - 8*d + 7. Give r(6).
-5
Let g(c) = -2*c**2 + 15*c - 13. Determine g(7).
-6
Let m(n) = n**2 - n - 3. Give m(-2).
3
Let x(s) = 5*s - 47. Determine x(6).
-17
Let y(d) = -d**3 - 15*d**2 + 14*d - 2. Give y(-16).
30
Let n(m) = m**2 - 2*m + 12. Give n(8).
60
Let w(r) = -r**2 + 25*r + 41. Give w(25).
41
Let o(f) = 2*f**2 + 27*f + 11. Give o(-13).
-2
Let t(i) = 2*i**2 + 13*i - 83. Give t(-10).
-13
Let m(a) = a**2 + 10*a - 4. Calculate m(-6).
-28
Let i(z) = z - 14. Calculate i(28).
14
Let i(u) = -u**2 + 13*u + 16. Give i(14).
2
Let m(g) = g**3 + 4*g**2 - 6*g - 17. What is m(-4)?
7
Let k(s) = -s**3 - 24*s**2 + 22*s - 55. What is k(-25)?
20
Let f(z) = -z**3 - 2*z**2 - 5*z + 2. What is f(3)?
-58
Let d(k) = k**2 + 18*k - 40. Give d(-21).
23
Let n(g) = -g**2 + 3*g + 5. Determine n(4).
1
Let a(c) = -6*c**2 + 2*c + 2. Determine a(-1).
-6
Let m(t) = t**3 - 3*t**2 + t + 1. What is m(4)?
21
Let l(z) = 11*z**2 + 76*z - 4. Give l(-7).
3
Let m(k) = -2*k - 1. Calculate m(5).
-11
Let k(o) = o**3 - 7*o**2 - 6*o - 1. Calculate k(6).
-73
Let t(f) = f**3 + 8*f**2 + 2*f - 42. What is t(-7)?
-7
Let k(y) = y + 17. What is k(-12)?
5
Let t(m) = -8*m - 17. What is t(-3)?
7
Let i(z) = 49*z**3 - 1. Give i(1).
48
Let h(s) = -s**2 + 2. Determine h(0).
2
Let b(w) = -6*w**3 - 2*w**2 - w. Give b(-1).
5
Let p(d) = -34*d**2 + d. Give p(-1).
-35
Let d(k) = 2*k**2 + 3*k + 2. What is d(-4)?
22
Let t(m) = -m**2 - 16*m + 5. Give t(-6).
65
Let w(y) = y**3 - 9*y**2 + 11*y - 7. Determine w(4).
-43
Let w(l) = -l**2 - 11*l - 38. What is w(-11)?
-38
Let p(f) = 6*f - 82. Determine p(14).
2
Let q(r) = r**3 - r**2 - 7*r + 1. Calculate q(-2).
3
Let y(c) = -c**3 - 13*c**2 - 20*c + 6. Determine y(-11).
-16
Let r(f) = -2*f + 41. Determine r(22).
-3
Let n(x) = -3*x + 33. Give n(14).
-9
Let m(q) = -q + 20. Give m(19).
1
Let l(n) = n**3 - 42*n**2 + 79*n + 31. Give l(40).
-9
Let p(j) = 2*j**2 + 5*j - 4. Determine p(-3).
-1
Let h(z) = -7*z - 3. Give h(-2).
11
Let j(i) = 9*i + 94. What is j(-9)?
13
Let u(h) = -h**3 - 19*h**2 + 7. Give u(-19).
7
Let d(a) = -57*a**2 + a. Calculate d(1).
-56
Let i(h) = h**3 + 5*h**2 - 7*h - 5. Calculate i(-6).
1
Let g(m) = m**2 - 11. What is g(6)?
25
Let c(u) = u**2 - 2*u - 22. Give c(-4).
2
Let m(w) = -w**3 - 5*w**2 + w + 3. Give m(-5).
-2
Let s(x) = -x**3 + 24*x**2 - 24*x + 14. What is s(23)?
-9
Let x(m) = -m**3 + 21*m**2 - 98*m + 4. Determine x(7).
4
Let p(r) = -r + 25. What is p(0)?
25
Let l(g) = -8*g - 156. What is l(-26)?
52
Let m(g) = 3*g**3 - 2*g**2 - 5*g - 2. Calculate m(0).
-2
Let l(y) = 3*y**2 - 5*y - 19. Give l(-3).
23
Let z(d) = -d**3 - 5*d**2 + 4*d - 12. Determine z(-5).
-32
Let s(a) = -3*a + 9. Calculate s(6).
-9
Let f(c) = -7*c + 21. What is f(3)?
0
Let k(f) = f**3 + 8*f**2 + 4*f + 7. Give k(-7).
28
Let h(w) = 8*w - 2. Calculate h(2).
14
Let v(m) = m**3 - 4*m**2 - 3*m - 8. What is v(6)?
46
Let r(u) = -16*u + 1. What is r(-2)?
33
Let m(d) = d**3 + 12*d**2 - 10*d + 11. What is m(-13)?
-28
Let x(f) = -4*f**3 + 4*f**2 - 2*f + 4. What is x(2)?
-16
Let g(m) = -5*m**2 + 5*m - 3. Determine g(2).
-13
Let p(x) = 3*x**3 - 2*x**2 + 5*x - 4. Determine p(1).
2
Let k(o) = 3*o - 1. Give k(7).
20
Let z(n) = 9*n + 102. Determine z(-12).
-6
Let k(i) = -5*i + 8. What is k(4)?
-12
Let w(j) = 39*j**3 - j + 1. Calculate w(1).
39
Let b(i) = -i**2 + 10*i - 11. Determine b(0).
-11
Let d(f) = f**3 - 35*f**2 + 35*f - 27. What is d(34)?
7
Let b(s) = 2*s**3 + 3*s**2 - 6*s - 9. Determine b(4).
143
Let w(j) = -j**3 - 8*j**2 + 2*j + 12. Calculate w(-8).
-4
Let w(x) = 4*x + 6. Give w(-7).
-22
Let w(i) = i + 8. Give w(14).
22
Let q(g) = -g**2 + 6*g + 9. Calculate q(7).
2
Let l(m) = -m**2 + 17*m - 21. Give l(19).
-59
Let q(k) = k - 16. What is q(-9)?
-25
Let h(q) = -q**2 + 21*q + 46. Calculate h(24).
-26
Let v(h) = -h**3 + 8*h**2 - 7*h - 1. Give v(6).
29
Let j(p) = -2*p**2 - 7*p + 3. Calculate j(5).
-82
Let w(s) = -s**3 - s**2 - 24. Calculate w(0).
-24
Let t(z) = z**2 - 10*z + 11. Determine t(5).
-14
Let d(r) = r**2 - 17*r - 21. Give d(17).
-21
Let d(g) = -11*g**2 + 113*g - 26. Calculate d(10).
4
Let y(c) = -5*c**2 + 10*c + 3. Determine y(-4).
-117
Let c(n) = -n**3 + 4*n**2 - 10. Give c(3).
-1
Let a(p) = -p**3 - 10*p**2 + 11*p + 16. What is a(-11)?
16
Let l(m) = m**2 + 8*m - 13. Calculate l(-9).
-4
Let o(f) = -f**3 - 6*f**2 - 6*f + 1. Calculate o(-6).
37
Let z(h) = -3*h**2 - 6*h - 5. Calculate z(-3).
-14
Let o(h) = -h**2 - 4*h - 6. Give o(-4).
-6
Let u(x) = 11*x - 2. What is u(-3)?
-35
Let k(w) = -3*w - 8. Determine k(5).
-23
Let x(j) = j**3 - 19*j**2 - 20*j + 18. What is x(20)?
18
Let v(t) = t**2 + 17*t + 62. Determine v(-9).
-10
Let n(u) = -u**3 - 10*u**2 + 44*u - 10. Give n(-13).
-75
Let w(o) = -25*o - 19. Determine w(-1).
6
Let k(s) = -5*s**3 + s**2 - s - 1. Give k(-1).
6
Let j(n) = n**2 + 14*n + 44. What is j(-7)?
-5
Let h(s) = s**2 - 4*s + 5. Give h(2).
1
Let k(b) = -b - 14. Give k(8).
-22
Let f(a) = -5*a - 6. What is f(-3)?
9
Let u(q) = -12*q + 8. What is u(2)?
-16
Let v(j) = -j**3 - 8*j**2 - 8*j - 5. What is v(-7)?
2
Let j(p) = p**3 - 6*p**2 + 7. Determine j(6).
7
Let m(b) = -b**3 - 6*b**2 - 2*b + 6. Calculate m(-6).
18
Let r(d) = -d - 20. Determine r(-8).
-12
Let u(i) = -2*i + 15. What is u(11)?
-7
Let g(n) = 4*n - 41. What is g(10)?
-1
Let m(o) = -o**3 + 6*o**2 - 5*o + 2. Give m(5).
2
Let s(i) = -i**3 - 5*i**2 + 9*i + 8. Determine s(-8).
128
Let t(r) = -r**3 + 10*r**2 - 5*r - 14. Give t(9).
22
Let x(w) = 2*w**2 + 4*w + 5. Calculate x(0).
5
Let d(b) = -b + 7. Calculate d(5).
2
Let i(c) = c**3 + 24*c**2 - 7*c + 5. What is i(-24)?
173
Let v(p) = -4*p**2 + 31*p + 13. What is v(7)?
34
Let l(i) = -i**3 - 9*i**2 + 3*i + 27. Give l(-9).
0
Let u(v) = -7*v - 7. What is u(-8)?
49
Let r(z) = -z**3 + 6*z**2 - 6*z - 1. Calculate r(6).
-37
Let z(g) = -5*g**2 - 2*g - 2. Give z(3).
-53
Let u(b) = -5*b - 113. Determine u(-17).
-28
Let j(i) = 2*i**3 - 16*i**2 + 29*i - 40. Give j(6).
-10
Let p(i) = 7*i + 7. Determine p(-5).
-28
Let y(x) = -55*x + 2. Determine y(2).
-108
Let m(o) = 6*o**2 - 159*o + 59. What is m(26)?
-19
Let i(u) = u**3 + 7*u**2 - 7*u + 13. Give i(-8).
5
Let m(w) = 20*w**2 - 2*w - 2. Calculate m(-2).
82
Let y(j) = j**3 + 6*j**2 - 4*j + 11. Determine y(-6).
35
Let m(l) = l**3 - 4*l**2 - 3*l - 2. What is m(3)?
-20
Let h(y) = y**2 - 9*y + 4. Give h(9).
4
Let f(o) = o**2 + o + 1. Calculate f(0).
1
Let m(h) = 2*h**2 - 24*h - 28. Give m(13).
-2
Let h(l) = -2*l**3 - 2*l**2 + 5*l + 10. Give h(-3).
31
Let m(u) = -u**2 - 4*u - 3. Give m(-3).
0
Let f(z) = z**2 - 8*z + 14. Calculate f(2).
2
Let x(y) = -y**2 + 2*y - 2. Calculate x(-3).
-17
Let t(y) = y**2 + 12*y + 18. What is t(-10)?
-2
Let l(k) = -10*k + 1. Determine l(-5).
51
Let m(x) = -3*x + 4. Give m(3).
-5
Let n(a) = 16*a - 2. What is n(1)?
14
Let o(s) = -8*s - 24. Give o(-4).
8
Let z(j) = 4*j - 98. Give z(23).
-6
Let t(v) = -v**3 + 6*v**2 - v + 2. Give t(6).
-4
Let b(u) = -8*u + 135. Calculate b(15).
15
Let o(c) = -2*c**2 + 5. What is o(-3)?
-13
Let y(q) = 17*q + 1. Calculate y(3).
52
Let c(l) = -2*l**3 + 3*l**2 + 6*l + 2. What is c(-2)?
18
Let l(q) = -42*q + 2. Give l(-1).
44
Let f(p) = 2*p + 6. Give f(-7).
-8
Let t(d) = -d**3 - 11*d**2 + 23*d + 1. What is t(-13)?
40
Let g(t) = -4*t**2 + 22*t - 15. Calculate g(5).
-5
Let k(m) = -3*m**2 - 17*m - 19. What is k(-4)?
1
Let k(m) = 4*m**2 + 12*m + 15. Give k(-2).
7
Let y(k) = -k + 34. Give y(21).
13
Let b(y) = 4*y**2 - 25*y + 33. What is b(4)?
-3
Let c(w) = 2*w - 8. What is c(-4)?
-16
Let x(m) = 11*m - 20. Determine x(2).
2
Let s(d) = d**3 + 3*d**2 - 10*d - 5. What is s(-5)?
-5
Let l(o) = 3*o + 24. What is l(-6)?
6
Let c(n) = -n**2 + 13*n + 40. Give c(16).
-8
Let w(j) = -3*j**3 - 5*j**2 - 2*j. Give w(-3).
42
Let o(t) = 12*t - 317. What is o(28)?
19
Let f(s) = -2*s + 1. Calculate f(-12).
25
Let u(w) = w**3 + 6*w**2 - 5. Calculate u(-4).
27
Let l(f